vided by 16?
12
What is the remainder when 590 is divided by 81?
23
What is the remainder when 363 is divided by 186?
177
Calculate the remainder when 306 is divided by 28.
26
Calculate the remainder when 2544 is divided by 38.
36
What is the remainder when 562 is divided by 47?
45
Calculate the remainder when 35 is divided by 13.
9
What is the remainder when 241 is divided by 9?
7
What is the remainder when 28 is divided by 17?
11
What is the remainder when 82 is divided by 28?
26
What is the remainder when 559 is divided by 87?
37
What is the remainder when 23 is divided by 2?
1
What is the remainder when 1428 is divided by 43?
9
Calculate the remainder when 1817 is divided by 228.
221
What is the remainder when 1255 is divided by 88?
23
Calculate the remainder when 15265 is divided by 34.
33
What is the remainder when 40 is divided by 16?
8
Calculate the remainder when 6888 is divided by 83.
82
What is the remainder when 714 is divided by 25?
14
Calculate the remainder when 283 is divided by 147.
136
What is the remainder when 241 is divided by 21?
10
Calculate the remainder when 11974 is divided by 36.
22
What is the remainder when 162 is divided by 87?
75
What is the remainder when 157 is divided by 68?
21
What is the remainder when 358 is divided by 36?
34
What is the remainder when 244 is divided by 36?
28
Calculate the remainder when 14180 is divided by 14.
12
Calculate the remainder when 301 is divided by 18.
13
What is the remainder when 5459 is divided by 195?
194
Calculate the remainder when 152 is divided by 66.
20
Calculate the remainder when 443 is divided by 115.
98
Calculate the remainder when 333 is divided by 42.
39
Calculate the remainder when 229 is divided by 18.
13
Calculate the remainder when 72 is divided by 21.
9
Calculate the remainder when 2459 is divided by 85.
79
What is the remainder when 268 is divided by 69?
61
Calculate the remainder when 452 is divided by 76.
72
Calculate the remainder when 8082 is divided by 43.
41
Calculate the remainder when 1323 is divided by 338.
309
Calculate the remainder when 79 is divided by 49.
30
Calculate the remainder when 750 is divided by 53.
8
What is the remainder when 1357 is divided by 8?
5
What is the remainder when 150 is divided by 42?
24
Calculate the remainder when 1507 is divided by 24.
19
What is the remainder when 579 is divided by 76?
47
Calculate the remainder when 645 is divided by 27.
24
Calculate the remainder when 6637 is divided by 9.
4
What is the remainder when 879 is divided by 98?
95
What is the remainder when 186 is divided by 95?
91
What is the remainder when 303 is divided by 30?
3
Calculate the remainder when 222 is divided by 21.
12
What is the remainder when 1452 is divided by 26?
22
What is the remainder when 306 is divided by 151?
4
What is the remainder when 789 is divided by 60?
9
Calculate the remainder when 8025 is divided by 75.
0
Calculate the remainder when 2002 is divided by 34.
30
What is the remainder when 129 is divided by 24?
9
What is the remainder when 2204 is divided by 49?
48
Calculate the remainder when 208 is divided by 44.
32
Calculate the remainder when 15 is divided by 9.
6
What is the remainder when 16493 is divided by 141?
137
What is the remainder when 490 is divided by 309?
181
What is the remainder when 1826 is divided by 874?
78
What is the remainder when 235 is divided by 65?
40
What is the remainder when 521 is divided by 36?
17
What is the remainder when 2179 is divided by 137?
124
Calculate the remainder when 940 is divided by 59.
55
Calculate the remainder when 2136 is divided by 98.
78
Calculate the remainder when 39431 is divided by 318.
317
Calculate the remainder when 62326 is divided by 168.
166
Calculate the remainder when 467 is divided by 68.
59
Calculate the remainder when 8747 is divided by 36.
35
Calculate the remainder when 274 is divided by 55.
54
What is the remainder when 25 is divided by 15?
10
What is the remainder when 1011 is divided by 83?
15
What is the remainder when 254 is divided by 47?
19
What is the remainder when 3038 is divided by 87?
80
Calculate the remainder when 580 is divided by 31.
22
What is the remainder when 1245 is divided by 29?
27
What is the remainder when 356 is divided by 40?
36
What is the remainder when 359 is divided by 8?
7
Calculate the remainder when 2738 is divided by 20.
18
Calculate the remainder when 2879 is divided by 48.
47
What is the remainder when 4267 is divided by 16?
11
Calculate the remainder when 503 is divided by 7.
6
Calculate the remainder when 362 is divided by 53.
44
Calculate the remainder when 976 is divided by 320.
16
What is the remainder when 8 is divided by 2?
0
What is the remainder when 103 is divided by 17?
1
What is the remainder when 228 is divided by 204?
24
Calculate the remainder when 73 is divided by 19.
16
Calculate the remainder when 68 is divided by 17.
0
What is the remainder when 1041 is divided by 202?
31
Calculate the remainder when 146 is divided by 95.
51
Calculate the remainder when 867 is divided by 46.
39
Calculate the remainder when 78 is divided by 29.
20
What is the remainder when 6327 is divided by 5?
2
What is the remainder when 751 is divided by 379?
372
What is the remainder when 80 is divided by 19?
4
Calculate the remainder when 1089 is divided by 84.
81
What is the remainder when 37 is divided by 14?
9
What is the remainder when 677 is divided by 132?
17
Calculate the remainder when 139 is divided by 12.
7
What is the remainder when 79 is divided by 21?
16
What is the remainder when 89 is divided by 13?
11
What is the remainder when 13019 is divided by 124?
123
Calculate the remainder when 1225 is divided by 407.
4
Calculate the remainder when 438 is divided by 34.
30
Calculate the remainder when 4276 is divided by 62.
60
What is the remainder when 2087 is divided by 36?
35
Calculate the remainder when 2098 is divided by 70.
68
Calculate the remainder when 2099 is divided by 30.
29
What is the remainder when 108 is divided by 13?
4
What is the remainder when 139 is divided by 10?
9
Calculate the remainder when 634 is divided by 129.
118
What is the remainder when 49 is divided by 10?
9
What is the remainder when 22108 is divided by 330?
328
Calculate the remainder when 6046 is divided by 27.
25
Calculate the remainder when 4649 is divided by 25.
24
What is the remainder when 670 is divided by 180?
130
What is the remainder when 519 is divided by 31?
23
What is the remainder when 439 is divided by 422?
17
Calculate the remainder when 539 is divided by 36.
35
Calculate the remainder when 2196 is divided by 729.
9
Calculate the remainder when 39799 is divided by 31.
26
What is the remainder when 70 is divided by 29?
12
What is the remainder when 61375 is divided by 41?
39
Calculate the remainder when 115 is divided by 14.
3
What is the remainder when 258 is divided by 33?
27
What is the remainder when 119 is divided by 26?
15
What is the remainder when 532 is divided by 67?
63
Calculate the remainder when 83 is divided by 28.
27
What is the remainder when 9316 is divided by 77?
76
Calculate the remainder when 25 is divided by 3.
1
What is the remainder when 162 is divided by 33?
30
What is the remainder when 161 is divided by 15?
11
Calculate the remainder when 58 is divided by 47.
11
Calculate the remainder when 152 is divided by 14.
12
Calculate the remainder when 3480 is divided by 52.
48
Calculate the remainder when 1042 is divided by 209.
206
Calculate the remainder when 1228 is divided by 611.
6
What is the remainder when 191 is divided by 31?
5
Calculate the remainder when 2127 is divided by 16.
15
Calculate the remainder when 8005 is divided by 45.
40
What is the remainder when 310 is divided by 39?
37
What is the remainder when 193 is divided by 80?
33
Calculate the remainder when 46 is divided by 13.
7
Calculate the remainder when 289 is divided by 153.
136
Calculate the remainder when 77347 is divided by 35.
32
What is the remainder when 93 is divided by 32?
29
What is the remainder when 4768 is divided by 45?
43
What is the remainder when 1229 is divided by 82?
81
Calculate the remainder when 4759 is divided by 10.
9
What is the remainder when 324 is divided by 71?
40
What is the remainder when 165 